he highest common factor of 13 and 117.
13
Calculate the greatest common divisor of 275 and 33.
11
Calculate the greatest common divisor of 1034 and 352.
22
Calculate the highest common divisor of 46 and 13777.
23
Calculate the highest common factor of 17 and 2941.
17
Calculate the greatest common factor of 48 and 284.
4
Calculate the highest common divisor of 18252 and 432.
108
What is the highest common factor of 529 and 115?
23
What is the greatest common divisor of 558 and 1008?
18
Calculate the greatest common factor of 17653 and 139.
139
What is the highest common divisor of 23 and 2?
1
What is the greatest common factor of 15 and 2535?
15
What is the greatest common divisor of 5775 and 100?
25
Calculate the greatest common divisor of 40 and 88.
8
Calculate the greatest common divisor of 30 and 330.
30
Calculate the highest common factor of 672 and 102.
6
What is the highest common factor of 14 and 371?
7
Calculate the highest common factor of 105 and 147.
21
What is the greatest common factor of 943 and 759?
23
What is the greatest common divisor of 16815 and 76?
19
What is the highest common factor of 48 and 120?
24
What is the greatest common divisor of 5027 and 33?
11
What is the greatest common factor of 7614 and 108?
54
What is the greatest common divisor of 22 and 902?
22
What is the highest common factor of 5948 and 4?
4
Calculate the highest common factor of 2418 and 52.
26
What is the highest common divisor of 329 and 2021?
47
What is the highest common factor of 564 and 24?
12
What is the highest common divisor of 445 and 5?
5
What is the highest common factor of 2170 and 2660?
70
Calculate the highest common divisor of 2507 and 46.
23
Calculate the highest common factor of 90 and 11295.
45
What is the highest common divisor of 735 and 15?
15
Calculate the greatest common factor of 55856 and 16.
16
What is the highest common divisor of 19 and 5377?
19
What is the greatest common factor of 165 and 390?
15
Calculate the highest common factor of 4029 and 204.
51
What is the highest common factor of 51 and 4947?
51
What is the greatest common divisor of 486 and 441?
9
Calculate the highest common divisor of 988 and 1196.
52
Calculate the highest common divisor of 78 and 312.
78
What is the greatest common factor of 1948 and 4?
4
What is the highest common factor of 58 and 2407?
29
Calculate the greatest common factor of 30 and 90570.
30
Calculate the greatest common divisor of 5 and 1125.
5
Calculate the highest common factor of 261 and 609.
87
What is the greatest common factor of 55 and 110?
55
Calculate the highest common factor of 1196 and 52.
52
Calculate the greatest common divisor of 45 and 2415.
15
Calculate the highest common factor of 132 and 228.
12
Calculate the highest common divisor of 29 and 27289.
29
Calculate the highest common factor of 637 and 364.
91
What is the highest common factor of 3180 and 20?
20
What is the highest common factor of 50001 and 42?
21
Calculate the greatest common divisor of 9 and 24.
3
Calculate the highest common factor of 26 and 69134.
26
What is the highest common divisor of 264 and 2024?
88
What is the greatest common divisor of 243 and 54?
27
What is the greatest common factor of 1519 and 31?
31
Calculate the highest common factor of 384 and 24.
24
What is the greatest common divisor of 512 and 192?
64
What is the greatest common divisor of 1664 and 624?
208
Calculate the highest common factor of 2156 and 110.
22
What is the greatest common divisor of 7441 and 7?
7
What is the highest common divisor of 17 and 527?
17
Calculate the highest common factor of 70 and 3710.
70
What is the highest common factor of 6822 and 36?
18
What is the greatest common factor of 552 and 72?
24
Calculate the highest common divisor of 50 and 9550.
50
What is the highest common divisor of 22 and 506?
22
What is the greatest common divisor of 13739 and 11?
11
Calculate the greatest common factor of 56 and 2156.
28
What is the highest common divisor of 5149 and 19?
19
What is the greatest common divisor of 2156 and 490?
98
What is the highest common factor of 2491 and 53?
53
Calculate the highest common factor of 234 and 2106.
234
What is the highest common factor of 315 and 70?
35
Calculate the greatest common divisor of 30 and 72.
6
Calculate the greatest common divisor of 58 and 2407.
29
What is the greatest common factor of 950 and 50?
50
What is the greatest common divisor of 5 and 20?
5
Calculate the greatest common divisor of 1424 and 80.
16
What is the highest common factor of 60 and 72?
12
What is the highest common divisor of 576 and 216?
72
Calculate the highest common divisor of 170 and 1.
1
What is the highest common factor of 1617 and 154?
77
What is the highest common factor of 29 and 319?
29
What is the greatest common divisor of 74 and 481?
37
What is the highest common divisor of 600 and 1080?
120
Calculate the greatest common factor of 12533 and 166.
83
What is the highest common factor of 150 and 36?
6
Calculate the highest common factor of 10 and 190.
10
Calculate the highest common divisor of 1344 and 72.
24
What is the highest common factor of 22716 and 36?
36
Calculate the highest common factor of 75 and 1545.
15
Calculate the highest common factor of 32 and 128.
32
What is the highest common factor of 14 and 322?
14
Calculate the greatest common divisor of 368 and 276.
92
What is the greatest common factor of 1694 and 308?
154
Calculate the greatest common divisor of 366 and 24.
6
What is the greatest common factor of 1333 and 129?
43
Calculate the highest common factor of 496 and 62.
62
What is the highest common divisor of 99 and 165?
33
What is the greatest common factor of 868 and 224?
28
Calculate the highest common factor of 3556 and 112.
28
What is the highest common divisor of 6 and 10?
2
What is the highest common factor of 5852 and 38?
38
What is the greatest common divisor of 60 and 128?
4
Calculate the highest common divisor of 17 and 1411.
17
Calculate the greatest common divisor of 2312 and 8.
8
Calculate the greatest common factor of 105 and 168.
21
Calculate the highest common divisor of 23922 and 81.
27
What is the highest common factor of 4 and 500?
4
Calculate the greatest common divisor of 210 and 7.
7
What is the highest common factor of 35 and 56?
7
Calculate the highest common divisor of 2168 and 16.
8
What is the highest common divisor of 29 and 464?
29
What is the highest common divisor of 260 and 29796?
52
Calculate the highest common divisor of 146 and 6.
2
What is the greatest common factor of 235 and 94?
47
What is the greatest common factor of 148 and 9250?
74
What is the greatest common divisor of 6 and 678?
6
What is the highest common factor of 16 and 1112?
8
Calculate the highest common divisor of 305 and 25.
5
What is the greatest common divisor of 140 and 252?
28
What is the greatest common divisor of 336 and 784?
112
Calculate the highest common factor of 105 and 28560.
105
Calculate the greatest common factor of 88 and 1991.
11
What is the highest common divisor of 12 and 492?
12
Calculate the highest common divisor of 7 and 259.
7
Calculate the highest common divisor of 231 and 336.
21
What is the greatest common factor of 999 and 74?
37
What is the highest common factor of 138 and 1472?
46
What is the greatest common factor of 169 and 52?
13
Calculate the greatest common divisor of 231 and 7.
7
What is the greatest common factor of 100 and 320?
20
What is the highest common factor of 840 and 126?
42
Calculate the greatest common factor of 9 and 153.
9
What is the highest common factor of 237 and 3?
3
Calculate the greatest common divisor of 59 and 2124.
59
What is the highest common divisor of 12 and 348?
12
Calculate the greatest common factor of 320 and 128.
64
What is the highest common factor of 189 and 42?
21
What is the greatest common factor of 47517 and 282?
141
What is the highest common divisor of 450 and 630?
90
What is the greatest common divisor of 39 and 247?
13
Calculate the highest common divisor of 24 and 192.
24
What is the greatest common factor of 18909 and 27?
9
What is the greatest common factor of 146 and 48107?
73
What is the highest common factor of 34 and 4250?
34
What is the highest common divisor of 22 and 638?
